3
Let k(t) = t**3 + 10*t**2 - t - 7. Let x be k(-10). Let p = x + -7. Let b = p + 6. List the prime factors of b.
2
Let t be (-4)/10 - (-296)/40. Suppose t*c - 4*c = 105. What are the prime factors of c?
5, 7
Suppose -3*b - 5*b = -192. List the prime factors of b.
2, 3
Let g be 0 + 2 - 0 - 30. Let w = -19 - g. Let b = w - 4. List the prime factors of b.
5
Suppose -11 = 2*b + 4*o + 1, o + 3 = -3*b. Let n(g) = g**3 - g - 3. Let z be n(b). Let a(x) = -x. List the prime factors of a(z).
3
Suppose a = 4*a - 81. What are the prime factors of a?
3
Let u(y) = y**2 + 4*y - 3. Let p(z) = 2*z**2 + 9*z - 5. Let h(v) = -2*p(v) + 5*u(v). Let k be (-37)/7 + 4/14. List the prime factors of h(k).
2, 5
Let z(u) = 6*u - 76. List the prime factors of z(26).
2, 5
Let u be (4/10)/(2/(-10)). Let g be 1/(-3)*(-7 + 1). List the prime factors of -6*g/(1*u).
2, 3
Let w be 3 - 3 - (1 - 23). Let k = -1 + w. List the prime factors of k.
3, 7
Suppose 16*u - 11*u - 170 = 0. What are the prime factors of u?
2, 17
List the prime factors of (-2)/(-1)*(-87)/(-6).
29
Let a(x) = x**3 + 11*x**2 + 16. Suppose 5*h - 5*k = 190, -k = 5*h - 3*k - 193. Suppose 5 = -4*t - h. What are the prime factors of a(t)?
2
Let s(j) = 8*j + 16. What are the prime factors of s(13)?
2, 3, 5
Let r(l) = -643*l - 1. Let d be r(1). Let h be (-2)/(-10) + d/20. List the prime factors of (1/2)/((-2)/h).
2
Let f be ((-8)/5)/((-2)/5). Suppose -f*g + 16 = -8. List the prime factors of g.
2, 3
Suppose -2*v + v = -4, v + 5 = u. Suppose 26 = 5*n - u. What are the prime factors of n?
7
Suppose -3 = -3*b - 15. List the prime factors of ((-136)/(-85))/(b/(-90)).
2, 3
Let d(p) = p**2 + 2*p + 2. Let h be d(-10). Let m = h + -56. List the prime factors of m.
2, 13
Let q(h) = h**2 + 8*h - 1. What are the prime factors of q(7)?
2, 13
Let f(w) = -w**2 - 7*w - 3. Let x(i) = -i**2 - 7*i - 3. Let n(r) = 5*f(r) - 4*x(r). List the prime factors of n(-3).
3
Let h(a) = a**3 - 3*a**2 - 4*a + 4. Let v be h(4). Suppose -r + 5*p + 3 = 0, v*r - 2*p = -0*r + 84. List the prime factors of r.
23
Let v = 75 + -35. List the prime factors of v.
2, 5
Suppose 175 = -5*y + 4*b, -b - 23 = y + 21. List the prime factors of 2 + -2 + y/(-3).
13
Let q = 1 + 1. Suppose -13 = q*z - 49. What are the prime factors of z?
2, 3
Let o(b) = 30*b - 2. What are the prime factors of o(1)?
2, 7
What are the prime factors of (3/6)/(2/124)?
31
Let g(z) = -z**3 + 5*z**2 - 4*z + 6. Let q be g(4). Suppose 0 = -r - 5*d - 22 - q, 2*r + 24 = -2*d. What are the prime factors of (-42)/(-4)*r/(-6)?
2, 7
Let s(b) = -62*b - 14. List the prime factors of s(-4).
2, 3, 13
Let m = -56 + 84. What are the prime factors of m?
2, 7
Let m(r) = r**3 - 6*r**2 - 4*r + 3. Let j be m(5). Let o = 60 + j. List the prime factors of o.
2, 3
Let l(z) = -z**3 + 4*z**2 + 2. Let t be l(4). Suppose 5*w - 18 = -n + t*w, 5*n + 3*w = 42. What are the prime factors of ((-52)/n)/(14/(-21))?
13
Suppose 2*z = 4*x + 366, 5*z = -3*x - x + 985. List the prime factors of z.
193
Suppose 4*w - 4*t = 192, -5*t = -3*w + 99 + 45. What are the prime factors of w?
2, 3
Let x = -49 - -175. List the prime factors of x.
2, 3, 7
Let k(r) = -r**3 - 6*r**2 + 3*r + 2. What are the prime factors of k(-7)?
2, 3, 5
Let s = 266 + -145. What are the prime factors of s?
11
Let w(u) = 4*u**2 - u. Let k be w(-1). Let q(i) = -i**2 + 8*i - 5. List the prime factors of q(k).
2, 5
Let m(a) = -a + 2. Let h be m(-6). List the prime factors of 2/(-3*h/(-684)).
3, 19
Let t be 38 + (-4 - -3)*-2. Let g = t - 10. Suppose -2*r = -2*x + 12 + g, 4*x - r = 78. What are the prime factors of x?
19
Let v(y) = -y**2 + y + 4. Suppose 5*d = -2*s - 2*s + 8, 2*d - 2*s = -4. What are the prime factors of v(d)?
2
Let r(s) be the first derivative of s**4/4 - 4*s**3/3 - 5*s**2/2 + 4*s + 2. Let x be r(-4). List the prime factors of (-2)/5 + x/(-10).
2, 5
Let i be ((-6)/3)/((-3)/6). Suppose 68 = 4*r - i*l, 0*r + 3*l + 67 = 4*r. What are the prime factors of r?
2
Let y(l) = l**3 + l + 3. Let a be y(0). Suppose -3*k - 3*m - a = 3, m - 10 = -5*k. Suppose 24 = k*r - 0*r. List the prime factors of r.
2
Let w(p) = 7*p**2 - p**3 + 10*p + 0*p**2 - 2*p**2 - 8. Let i be w(6). Suppose -i = a - 3*a. What are the prime factors of a?
2
Let n = 443 + -259. List the prime factors of n.
2, 23
Suppose -5*x = 2*a - 212, -4*x - 3*a - 38 + 209 = 0. What are the prime factors of x?
2, 3, 7
Suppose 4*h + 4*o - 116 = 0, 4*o = h + 2*h - 52. List the prime factors of (-1 - 7)*(-66)/h.
2, 11
Let p = -40 - -69. What are the prime factors of p?
29
Let t be (105/(-10))/(2/(-4)). Suppose 58 = x + t. List the prime factors of x.
37
Suppose 0 = 2*j + 51 + 53. Let v = -27 - j. List the prime factors of v.
5
Let p = -11 + 16. Suppose -3*j + d + 7 = 0, -p*j + 2*d - 2 = -12. Suppose -4*f - 9 = -j*u + 75, u + 5*f - 15 = 0. List the prime factors of u.
2, 5
Let z = -10 - -19. Let l be 12/z - (-6)/9. Suppose 3*v + 23 = 4*w + 2*v, -l*v = 4*w - 38. List the prime factors of w.
7
Let p(g) be the first derivative of -g**6/360 + g**5/24 + g**4/12 + 2*g**3/3 + 2. Let a(f) be the third derivative of p(f). List the prime factors of a(4).
2, 3
Suppose 2*c - 6*c = 4*z - 1028, 4*c + z - 1037 = 0. List the prime factors of c.
2, 5, 13
Let d(u) = u**2 - 5*u - 7. Let y be d(7). Let r = y - -2. Suppose 0 = -v - 2, 0*v + r = m + 2*v. List the prime factors of m.
13
Let s = -80 - -270. What are the prime factors of s?
2, 5, 19
Let q = 171 + 47. List the prime factors of q.
2, 109
Let u be -3 - (3 + -1 - 2). Let n(m) = m + 3. Let t be n(u). Suppose 4*s - 32 = -t*s. What are the prime factors of s?
2
Suppose -4*j - 88 = -4*m, -4 = -m - 4*j + 8. List the prime factors of m.
2, 5
Let q = -6 + -9. Let a = 41 + q. What are the prime factors of a?
2, 13
Suppose -7 = -4*o + 73. List the prime factors of o.
2, 5
List the prime factors of (-4804)/(-44) + 10/(-55).
109
Suppose h + 16 = q, -3*h = -2*q + q + 10. What are the prime factors of q?
19
Suppose 65 = 2*z + 13. List the prime factors of z.
2, 13
Let l be 45 - -1*1/1. Let j = l - 33. Let o = j + -4. What are the prime factors of o?
3
Let q be (-2 + 12)*104/10. Suppose 4*r - q = -0*r. List the prime factors of r.
2, 13
Suppose 2*k = 2*c + 2*c - 4, 0 = -3*k. Let l(b) = 53*b**3 - b. List the prime factors of l(c).
2, 13
Let p(b) = 5*b + 26. What are the prime factors of p(19)?
11
Suppose 2*l - 325 = -3*l. List the prime factors of l.
5, 13
Let w(u) = -u**3 + 2*u**2 - 3*u + 1. Let p be w(2). Let r be (1/(-3))/(p/90). List the prime factors of 2 + r/4*2.
5
Let j(q) be the second derivative of q**4/12 - 3*q**2/2 + q. Let a be j(3). List the prime factors of (-99)/a*(-4)/6.
11
Let l = -61 - -93. What are the prime factors of l?
2
Suppose -3*u - 5*q + 13 = -22, -14 = -2*u - q. Suppose -4 - u = -3*c. List the prime factors of (12/(-10))/(c/(-30)).
2, 3
Let t(p) = -p - 2. Let o be t(-3). Let b(u) = -o + 5*u**2 - u**2 + u**3 + u**2 - 3*u. List the prime factors of b(-5).
2, 7
Let c be (2/5)/(2/140). Suppose -2*p = -c - 34. Let l = p - 22. List the prime factors of l.
3
Let u(c) = c**2 - c + 5. Suppose -4*v + 7*v = 0. Let w be u(v). Suppose 29 = 3*i + 5*t, 2*t - w - 6 = -i. List the prime factors of i.
3
Let y = -282 - -421. List the prime factors of y.
139
Suppose 6*f - 3*f = 9. Suppose 5*t - 1 - 33 = 3*g, f*t + 2*g - 9 = 0. Suppose 3*s + 12 + t = 4*j, -5*j = 2*s - 27. What are the prime factors of j?
5
Let i be (4/(-1))/((-8)/4). Suppose b = d - 12, 0 = 3*d - i*b - 0*b - 35. What are the prime factors of d?
11
Let q(x) = -2*x - 10. Let t be q(-7). Let k be (154/t)/(-7)*2. Let j = 14 + k. What are the prime factors of j?
3
Suppose -4*d = -6*d + 6. Suppose 7 = d*j + 1. Suppose -j*c - b + 30 = 0, b + 44 = 4*c - b. List the prime factors of c.
13
Suppose -31 = -5*i + 4*z, 2*i - 15 = 5*z + 11. Let j be (-1)/(i/(-54)*-2). Let g = j - -17. What are the prime factors of g?
2
Let z = 12 + -7. Let b = 17 - z. What are the prime factors of b?
2, 3
Suppose 0 = -2*d + 17 + 9. Let w(h) = h**3 + 10*h**2 + 10*h + 5. Let v be w(-9). Let o = d + v. List the prime factors of o.
3
Suppose 6*h - 7*h = -14. What are the prime factors of h?
2, 7
What are the prime factors of (74/(-6))/((-3)/9)?
37
Let k(j) = j + 2. Let n be (24/15)/(2/5). What are the prime factors of k(n)?
2, 3
Suppose 40 = -2*h